{"id":2073,"date":"2025-11-23T10:02:57","date_gmt":"2025-11-23T10:02:57","guid":{"rendered":"https:\/\/billetterie.apege.dev.sugaweb.com\/?post_type=product&#038;p=2073"},"modified":"2025-12-06T10:50:35","modified_gmt":"2025-12-06T10:50:35","slug":"atelier-sushi-avec-erika-wiget-25-mars-a-18h30-21h30-au-manege-en-ville-ge","status":"publish","type":"product","link":"https:\/\/billetterie.apege.dev.sugaweb.com\/index.php\/produit\/atelier-sushi-avec-erika-wiget-25-mars-a-18h30-21h30-au-manege-en-ville-ge\/","title":{"rendered":"Atelier Sushi avec Erika Wiget &#8211; 25 mars \u00e0 18h30-21h30 au Man\u00e8ge-en-Ville, GE"},"content":{"rendered":"<p><strong>Nouveaut\u00e9 APEGE \u2013 Atelier cuisine &amp; d\u00e9gustation !<\/strong><\/p>\n<p>Le groupe Culture et Loisirs de l\u2019APEGE se met aux fourneaux !<br \/>\nChaque semestre, il vous donne rendez-vous pour un atelier de cuisine anim\u00e9 par des passionn\u00e9\u00b7es, suivi d\u2019une d\u00e9gustation conviviale des plats pr\u00e9par\u00e9s ensemble.<br \/>\nPremi\u00e8re \u00e9dition : sp\u00e9cial sushis !<br \/>\nApprenez \u00e0 rouler, garnir et savourer vos propres sushis avec Erika Wiget, notre cheffe d\u2019un jour.<br \/>\nPromis, c\u2019est plus facile qu\u2019il n\u2019y para\u00eet\u2026 et beaucoup plus fun qu\u2019au resto !<br \/>\nEt pour couronner le tout : l\u2019atelier aura lieu dans la grande cuisine ultra-moderne du Man\u00e8ge-en-Ville, \u00e0 deux pas du Bourg-de-Four \u2013 le tout \u00e0 prix tout doux.<br \/>\nAlors, pr\u00eat\u00b7e \u00e0 enfiler le tablier ?<\/p>\n<p>&nbsp;<\/p>\n<p><strong>Au programme :<\/strong><\/p>\n<p>18:30 Rendez-vous au Man\u00e8ge-en-Ville<br \/>\n21:30 Fin de l\u2019atelier<\/p>\n<p><strong>Mat\u00e9riel :<\/strong> Prendre un tablier. Tout le mat\u00e9riel sera fourni.<\/p>\n<p><strong>Lieu :<\/strong><\/p>\n<p>Rendez-vous au Man\u00e8ge-en-Ville,<br \/>\n4 Rue Julienne-Piachaud 1204 Gen\u00e8ve<br \/>\ndans la Rotonde \u00e0 droite en rentrant<\/p>\n<p><strong>Transport : <\/strong><\/p>\n<p>TPG: bus 92 arr\u00eat Chausse-Coq, bus 3, 5 et 20 arr\u00eat Palais Eynard;<br \/>\nParking: Saint Antoine<\/p>\n<p><strong>Dur\u00e9e:<\/strong> Environs 3 heures<\/p>\n<p><strong>Nombre de personnes :<\/strong> 10 personnes<\/p>\n<p><strong>Paiement:<\/strong><\/p>\n<p>CHF 30.- pour un membre de l\u2019APEGE comprenant cours, l\u2019ensemble des ingr\u00e9dients, boissons, utilisation des cuisines<\/p>\n<p><strong>L\u2019inscription : <\/strong><\/p>\n<p>Elle se fait en ligne sous : <a href=\"https:\/\/apege.ch\/culture\">https:\/\/apege.ch\/culture<\/a>.<br \/>\nLes inscriptions seront prises en compte selon l\u2019ordre d\u2019arriv\u00e9e et confirm\u00e9es. En cas de surnombre, une liste d\u2019attente sera \u00e9tablie.<\/p>\n<p><strong>Le d\u00e9lai d\u2019inscription<\/strong> est fix\u00e9 au <strong>1er mars 2026 \u00e0 12h00.<\/strong> Paiement et validation de l\u2019inscription : votre paiement via le site valide votre inscription.<\/p>\n<p><strong>D\u00e9sistement :<\/strong> En cas de <strong>d\u00e9sistement<\/strong>, veuillez s\u2019il vous pla\u00eet envoyer un email \u00e0 <a href=\"mailto:inscription@apege.ch\">inscription@apege.ch<\/a> afin qu\u2019une personne qui est en liste d\u2019attente puisse y participer. Pas de remboursement apr\u00e8s le 1er mars.<\/p>\n<p>&nbsp;<\/p>\n<p>En m\u2019inscrivant, je confirme avoir pris connaissance des conditions g\u00e9n\u00e9rales de participation et \u00eatre en accord avec celles-ci. (<a href=\"https:\/\/apege.ch\/\">www.apege.ch<\/a>)<\/p>\n<p>Pour imprimer cette activit\u00e9 : <a href=\"https:\/\/billetterie.apege.dev.sugaweb.com\/wp-content\/uploads\/2025\/11\/Flyer-SUSHI-RG-db.pdf\">Cliquez ici<\/a>.<\/p>\n","protected":false},"excerpt":{"rendered":"<p>Nouveaut\u00e9 APEGE \u2013 Atelier cuisine &amp; d\u00e9gustation ! Le groupe Culture et Loisirs de l\u2019APEGE se met aux fourneaux ! Chaque semestre, il vous donne rendez-vous pour un atelier de cuisine anim\u00e9 par des passionn\u00e9\u00b7es, suivi d\u2019une d\u00e9gustation conviviale des&hellip;<\/p>\n","protected":false},"featured_media":2074,"template":"","meta":[],"product_brand":[],"product_cat":[21],"product_tag":[],"class_list":{"0":"post-2073","1":"product","2":"type-product","3":"status-publish","4":"has-post-thumbnail","6":"product_cat-sorties-et-excursions","7":"product_shipping_class-gratuit","8":"entry","9":"has-media","11":"first","12":"instock","13":"shipping-taxable","14":"purchasable","15":"product-type-simple","16":"col","17":"wpex-woo-entry","18":"span_1_of_4"},"_links":{"self":[{"href":"https:\/\/billetterie.apege.dev.sugaweb.com\/index.php\/wp-json\/wp\/v2\/product\/2073","targetHints":{"allow":["GET"]}}],"collection":[{"href":"https:\/\/billetterie.apege.dev.sugaweb.com\/index.php\/wp-json\/wp\/v2\/product"}],"about":[{"href":"https:\/\/billetterie.apege.dev.sugaweb.com\/index.php\/wp-json\/wp\/v2\/types\/product"}],"wp:featuredmedia":[{"embeddable":true,"href":"https:\/\/billetterie.apege.dev.sugaweb.com\/index.php\/wp-json\/wp\/v2\/media\/2074"}],"wp:attachment":[{"href":"https:\/\/billetterie.apege.dev.sugaweb.com\/index.php\/wp-json\/wp\/v2\/media?parent=2073"}],"wp:term":[{"taxonomy":"product_brand","embeddable":true,"href":"https:\/\/billetterie.apege.dev.sugaweb.com\/index.php\/wp-json\/wp\/v2\/product_brand?post=2073"},{"taxonomy":"product_cat","embeddable":true,"href":"https:\/\/billetterie.apege.dev.sugaweb.com\/index.php\/wp-json\/wp\/v2\/product_cat?post=2073"},{"taxonomy":"product_tag","embeddable":true,"href":"https:\/\/billetterie.apege.dev.sugaweb.com\/index.php\/wp-json\/wp\/v2\/product_tag?post=2073"}],"curies":[{"name":"wp","href":"https:\/\/api.w.org\/{rel}","templated":true}]}}